 y + 1*8?
7
Let t(x) = x**2 - 8*x. Let r be t(8). Let k be 3/(-6)*-4 + r. What are the prime factors of ((-4)/6)/(k/(-15))?
5
Let t = -12 - -14. Suppose t*j = j + 41. What are the prime factors of j?
41
Let k(s) = -s - 3. Let i be k(-11). Suppose 3*a = -h + 26, -i*a + 58 = 3*h - 4*a. List the prime factors of h.
2, 7
Let c(v) = -v**3 - v**2 + 5*v + 3. Let g = 11 + -14. List the prime factors of c(g).
2, 3
Suppose 4 = -4*z, -z = -s + 4*z + 325. List the prime factors of s.
2, 5
Let h(w) = -32*w**3 + w**2. List the prime factors of h(-1).
3, 11
Let o(b) = b**2 - 4*b + 1. Let v be o(5). Let p = v + -4. What are the prime factors of p?
2
List the prime factors of 2/3 + 489*(-4)/(-36).
5, 11
Let h be ((-201)/6 + -2)*-2. Suppose 20 = -3*b + h. What are the prime factors of b?
17
Suppose -4*u + 124 + 16 = 0. List the prime factors of u.
5, 7
Let c(i) = i**3 + 7*i**2 + 7*i + 8. Suppose -f = 4*f. Suppose 3*w - 5*w - 12 = f. What are the prime factors of c(w)?
2
Let s(h) = 12 - 6*h - 3*h**2 + 5*h**3 - 5*h**3 + h**3. List the prime factors of s(5).
2
Let w(q) = -q**2 + 4*q - 3. Let n be w(2). Suppose 0 = -y + n + 1. What are the prime factors of y?
2
Let d = -37 - -59. List the prime factors of d.
2, 11
Let s be (15*1)/(24/(-16)). What are the prime factors of (-4 - -10)*s/(-3)?
2, 5
Suppose o - 4 = 0, 4*p - 55 = -o - 3. Suppose -2*l + 3*l = 0. Suppose 2*w - w - p = l. List the prime factors of w.
2, 3
Let a = -107 + 510. What are the prime factors of a?
13, 31
Suppose l + 8 = 2*l. What are the prime factors of 796/16 - 6/l?
7
Let i be (6 - 4)/((-4)/(-10)). Suppose n + f = 4, -3*n - f + 7 + i = 0. What are the prime factors of n?
2
Let v be (7/(-7))/((-2)/8). Let m(o) = o**2 - 2*o - 4. List the prime factors of m(v).
2
Suppose 4*o - 100 = -2*a, 5*o + a = -2*a + 124. What are the prime factors of o?
2, 13
Let l = 19 + -11. List the prime factors of l.
2
Let n(q) = q. Let c be n(3). Suppose -c*v + 12 = 0, 2*s + 3*s - 3*v - 108 = 0. What are the prime factors of s?
2, 3
What are the prime factors of -3*((-217)/3)/7?
31
Suppose 5*m + 18 + 2 = 0. Let j = m + 20. What are the prime factors of j?
2
What are the prime factors of (27 + -5)/(6/21)?
7, 11
Suppose -6*c + 200 = -c. What are the prime factors of c?
2, 5
Let p = -3 + 0. Let r be (3/((-6)/(-20)))/(-1). What are the prime factors of (12/r)/(p/10)?
2
Suppose 3*g = -g + 68. Let v = g - -1. What are the prime factors of v?
2, 3
Suppose 9*a - 1112 = 364. List the prime factors of a.
2, 41
Let a be (-1)/((-3)/(-9)) - -1. What are the prime factors of (a/(-3))/(4/66)?
11
Suppose r + 12 = 4*r. Suppose q = 3*q - r. Suppose q*m + 13 = 3*m. What are the prime factors of m?
13
Suppose -2*o - 5*x + 79 = -8, 5*o + 2*x - 186 = 0. List the prime factors of 7*o*1/7.
2, 3
Let l be 0 - (-2 + 7)/(-1). Let s = 0 + l. What are the prime factors of s?
5
Let t(q) be the second derivative of -q**4/12 + 11*q**3/6 - 5*q**2 - q. List the prime factors of t(9).
2
Let c be ((-64)/(-24))/(2/3). Let q be 6/2 + -2 + c. Suppose -q*j - 50 = -10*j. What are the prime factors of j?
2, 5
List the prime factors of (58/(-30) - 2/5)*-21.
7
Let l(r) = r**3 + 8*r**2 + r + 8. Let s be l(-8). Suppose 0 = -2*x - 5*m - s*m + 102, -3*m + 190 = 4*x. What are the prime factors of x?
2, 23
Let x = -1 - -3. Suppose -h = x*h - 6. What are the prime factors of h?
2
Let q = -1 + 16. Let k = q - 1. Suppose j - k = -3*m, m - 4*j = -2*j. What are the prime factors of m?
2
Suppose -2*d = -3*a + 78, 3*d - d - 34 = -a. List the prime factors of a.
2, 7
Let p(h) = -h**3 + 17*h**2 - 12*h - 18. List the prime factors of p(16).
2, 23
Let i(l) = 4*l + 12. Let f(d) = d. Let u(h) = -6*f(h) + i(h). Let x be u(8). Let v = 13 + x. What are the prime factors of v?
3
Suppose 0*o = 2*o + 10. Let a = o + 12. What are the prime factors of a?
7
Suppose -4*q + 15 = -1. Let n(a) = 0*a + 3 + 2*a + a**3 - 3*a**2 - a**2. What are the prime factors of n(q)?
11
Suppose -109*o - 96 = -113*o. List the prime factors of o.
2, 3
Let m(q) = -5*q**3 - 2*q - 1. Let i be m(-1). Let a be 1/(2/i) + -1. Suppose 0 = 3*o + a*o - 20. List the prime factors of o.
2
Let x(v) be the second derivative of -1/20*v**5 - 7/12*v**4 + v + 0*v**2 + 0 - 1/6*v**3. What are the prime factors of x(-7)?
7
Suppose 5*i = -4*c - 0*i + 444, -576 = -5*c - i. What are the prime factors of c?
2, 29
List the prime factors of ((-4)/6)/(9/(-216)).
2
Suppose -2*x - 3*t = -2*t - 66, -2*x + 74 = 3*t. Let f = -5 + x. List the prime factors of f.
2, 13
What are the prime factors of (-147)/(-3) + (-4)/4?
2, 3
Let z = 7 - 14. Let d(t) = 2*t. Let p be d(5). Let m = p + z. What are the prime factors of m?
3
Suppose 4*k = 8*k - 36. List the prime factors of (-9)/6*(-60)/k.
2, 5
Let s = -13 + 28. Suppose -5*z = -7*z + 12. Let a = s - z. What are the prime factors of a?
3
What are the prime factors of 1/(-1) - ((5 - 109) + -4)?
107
Suppose i = -0 + 2, -3*r + 5*i + 77 = 0. Let n = r + -16. Suppose 2*w = -2*d + 18, 4*w + d - n = 17. List the prime factors of w.
7
What are the prime factors of -2*((-1 - 1) + -13 + 1)?
2, 7
Let d(l) = -l**2 - 5*l + 7. Let r be d(-6). List the prime factors of (r/(-2))/((-7)/168).
2, 3
Suppose -20 = -a + 18. List the prime factors of a.
2, 19
List the prime factors of 3 - ((-2544)/10 - (-14)/35).
257
Let r(s) = s**3 + 15*s**2 + 14*s + 16. List the prime factors of r(-13).
2, 43
Suppose 0 = 6*g - g. Let v be -2 + (g - 26)*-1. Let k = v + -14. What are the prime factors of k?
2, 5
Suppose -4*z + 3*w = 7, z - 4*w + 0*w + 5 = 0. Let m = z + 3. What are the prime factors of m?
2
Let c(x) = -x**3 + 12*x**2 - 7*x - 6. What are the prime factors of c(9)?
2, 3, 29
Suppose 2*x - 7 + 1 = 0, -5*z + 39 = -2*x. List the prime factors of z.
3
Let s = 12 - -350. List the prime factors of s.
2, 181
Let h(f) = -2*f - 7. Let m = -6 - -1. What are the prime factors of h(m)?
3
Let b be ((-20)/6)/((-2)/3). Let j(z) = 9*z**2 - 4*z - 8. Let k(c) = -4*c**2 + 2*c + 4. Let u(q) = -3*j(q) - 7*k(q). What are the prime factors of u(b)?
11
Let k(g) = 0*g - 7*g**2 - 5*g**3 + 4*g**3 - 7*g + 5. Suppose -15 = 2*n - 3. What are the prime factors of k(n)?
11
Let j(g) be the first derivative of -g**2/2 - 7*g + 1. List the prime factors of j(-10).
3
Suppose -d + 3*l = -59, 2*d + l + l = 78. List the prime factors of d.
2, 11
Let q = 50 + -9. List the prime factors of q.
41
Let h be (5 - 0)*228/(-10). Let x be (-2)/5 + 68/20. List the prime factors of 1/x - h/9.
13
Let a(p) = -p + 10. List the prime factors of a(7).
3
Let j be 2 - 0 - (2 + 0). Let p(q) = 2 - 2*q + 3*q + j*q. List the prime factors of p(6).
2
Suppose 10 = f + 2*m, 2*m + 20 = 2*f - 0*m. Let i(x) = -4 + 5 + f*x - x. What are the prime factors of i(1)?
2, 5
Let w(q) = -q**3 - 11*q**2 + 15. Let l = -33 - -22. What are the prime factors of w(l)?
3, 5
Suppose 4*o + 38 = 78. List the prime factors of o.
2, 5
List the prime factors of 27 + 12/3 + -8.
23
Suppose 5*d + 5*m - 23 - 17 = 0, m + 24 = 3*d. Let q(y) = -2*y**3 - 4*y**2 + 2*y + 3. Let a be q(-3). Let g = a - d. What are the prime factors of g?
7
Suppose 0 = 6*b - 0*b - 660. What are the prime factors of b?
2, 5, 11
Let y(j) = 22*j**2 - j. What are the prime factors of y(-1)?
23
What are the prime factors of 54/189 + 1 + (-794)/(-14)?
2, 29
Let y(i) = i**3 - 3*i**2 + 4*i + 3. What are the prime factors of y(4)?
5, 7
Let c(i) = -i**3 + 14*i**2 - 11*i - 16. List the prime factors of c(13).
2, 5
What are the prime factors of (1 - (-3 + 4)) + 92?
2, 23
Let b(u) = u**3 + 12*u**2 + 6*u - 16. List the prime factors of b(-11).
3, 13
Let d = 153 + -88. What are the prime factors of d?
5, 13
Suppose -u = s - 29, -4*s + 206 = -5*u + 45. Suppose 2*i + 0*i - s = 0. What are the prime factors of i?
17
Let f = -26 + 47. Suppose -2*n + f = n. What are the prime factors of n?
7
Let s be 48/(-60)*5/(-2). Suppose -16 - s = -2*x. List the prime factors of x.
3
Let o = 89 - 23. List the prime factors of o.
2, 3, 11
Let o = -1 + 3. Suppose 0 = -o*m - 18 + 92. List the prime factors of m.
37
Let i(s) = -4*s**2 + s + 327. List the prime factors of i(0).
3, 109
Suppose -11*p + 1408 = -3*p. List the prime factors of p.
2, 11
Suppose 5*d = -p + 12 + 4, -5*d + 8 = 3*p. Let h(n) be the second derivative of n**4/12 - n**3/2 - n**2 + n. List the prime factors 